{"version":"1.0","provider_name":"Proyecto Ndeky","provider_url":"https:\/\/ndeky.org","author_name":"Susi","author_url":"https:\/\/ndeky.org\/index.php\/author\/admin8031\/","title":"Danza Sabar feb-abril 2025 - Proyecto Ndeky","type":"rich","width":600,"height":338,"html":"<blockquote class=\"wp-embedded-content\" data-secret=\"TWr5CtrHWH\"><a href=\"https:\/\/ndeky.org\/index.php\/2025\/03\/22\/danza-sabar-feb-abril-2025\/\">Danza Sabar feb-abril 2025<\/a><\/blockquote><iframe sandbox=\"allow-scripts\" security=\"restricted\" src=\"https:\/\/ndeky.org\/index.php\/2025\/03\/22\/danza-sabar-feb-abril-2025\/embed\/#?secret=TWr5CtrHWH\" width=\"600\" height=\"338\" title=\"&#8220;Danza Sabar feb-abril 2025&#8221; &#8212; Proyecto Ndeky\" data-secret=\"TWr5CtrHWH\" frameborder=\"0\" marginwidth=\"0\" marginheight=\"0\" scrolling=\"no\" class=\"wp-embedded-content\"><\/iframe><script>\n\/*! This file is auto-generated *\/\n!function(d,l){\"use strict\";l.querySelector&&d.addEventListener&&\"undefined\"!=typeof URL&&(d.wp=d.wp||{},d.wp.receiveEmbedMessage||(d.wp.receiveEmbedMessage=function(e){var t=e.data;if((t||t.secret||t.message||t.value)&&!\/[^a-zA-Z0-9]\/.test(t.secret)){for(var s,r,n,a=l.querySelectorAll('iframe[data-secret=\"'+t.secret+'\"]'),o=l.querySelectorAll('blockquote[data-secret=\"'+t.secret+'\"]'),c=new RegExp(\"^https?:$\",\"i\"),i=0;i<o.length;i++)o[i].style.display=\"none\";for(i=0;i<a.length;i++)s=a[i],e.source===s.contentWindow&&(s.removeAttribute(\"style\"),\"height\"===t.message?(1e3<(r=parseInt(t.value,10))?r=1e3:~~r<200&&(r=200),s.height=r):\"link\"===t.message&&(r=new URL(s.getAttribute(\"src\")),n=new URL(t.value),c.test(n.protocol))&&n.host===r.host&&l.activeElement===s&&(d.top.location.href=t.value))}},d.addEventListener(\"message\",d.wp.receiveEmbedMessage,!1),l.addEventListener(\"DOMContentLoaded\",function(){for(var e,t,s=l.querySelectorAll(\"iframe.wp-embedded-content\"),r=0;r<s.length;r++)(t=(e=s[r]).getAttribute(\"data-secret\"))||(t=Math.random().toString(36).substring(2,12),e.src+=\"#?secret=\"+t,e.setAttribute(\"data-secret\",t)),e.contentWindow.postMessage({message:\"ready\",secret:t},\"*\")},!1)))}(window,document);\n\/\/# sourceURL=https:\/\/ndeky.org\/wp-includes\/js\/wp-embed.min.js\n<\/script>\n","description":"El monitor del proyecto Ndeky, Atou, m\u00fasico y core\u00f3grafo de Sabar en Saint Louis (Senegal) promueve con la Asociacion Ndeky Africa clases de Sabar, en colaboraci\u00f3n con el Safyde de la Universidad de Extremadura estos meses para generar m\u00e1s desayunos entre los ni\u00f1os y las familias beneficiarias del proyecto Ndeky. Ven a bailar! acercate a ... Read more"}

El monitor del proyecto Ndeky, Atou, músico y coreógrafo de Sabar en Saint Louis (Senegal) promueve con la Asociacion Ndeky Africa clases de Sabar, en colaboración con el Safyde de la Universidad de Extremadura estos meses para generar más desayunos entre los niños y las familias beneficiarias del proyecto Ndeky. Ven a bailar! acercate a ... Read more
