{"id":25,"date":"2024-01-18T13:46:59","date_gmt":"2024-01-18T13:46:59","guid":{"rendered":"https:\/\/ndeky.org\/?page_id=25"},"modified":"2025-02-26T11:01:35","modified_gmt":"2025-02-26T11:01:35","slug":"el-porque-de-todo-esto-proyecto-ndeky","status":"publish","type":"page","link":"https:\/\/ndeky.org\/index.php\/el-porque-de-todo-esto-proyecto-ndeky\/","title":{"rendered":"El porqu\u00e9 de todo esto"},"content":{"rendered":"\n<p class=\"has-contrast-2-color has-luminous-vivid-amber-to-luminous-vivid-orange-gradient-background has-text-color has-background has-link-color wp-elements-f8ca4c8c55b4197a884fb3d39543ad74\"><strong>NDEKY\u00a0<\/strong>significa\u00a0<strong>DESAYUNO\u00a0<\/strong>en idioma wolof de Senegal. Este proyecto se promueve para que cerca de 100 ni\u00f1os de entre 5 y 18 a\u00f1os tengan desayunos y una actividad de ocio en su &#8220;Daara&#8221; (centro de acogida y escuela del Cor\u00e1n), en un lugar en el que algo tan\u00a0b\u00e1sico\u00a0como desayunar, est\u00e1\u00a0al alcance de pocos.<\/p>\n\n\n\n<p class=\"has-global-color-8-color has-base-3-background-color has-text-color has-background has-link-color wp-elements-a9e27485e6d0a709c14721ebb4ce8d61\"><strong>HOLA! NAn nga deff!<\/strong>!<\/p>\n\n\n\n<blockquote class=\"wp-block-quote is-layout-flow wp-block-quote-is-layout-flow\">\n<p><strong>Tras un paseo <\/strong>de varios a\u00f1os <strong>por la ciudad de Saint Louis<\/strong>, en Senegal, observo ni\u00f1os muy peque\u00f1os que mendigan durante las tardes. Por toda la ciudad, con un \u201ccubito en mano\u201d\u2026 Me inform\u00e9, preguntando a amigos locales, por qu\u00e9 llevan un cubito, donde viven\u2026 y entonces, aprendo qui\u00e9nes son los talib\u00e9s:<strong> <\/strong>ni\u00f1os muy peque\u00f1os enviados desde peque\u00f1os sitios rurales a pueblos o ciudades mas grances debido a la precaria situaci\u00f3n de las familias. <\/p>\n\n\n\n<p>No imagino separarme de un hijo por no poder darle de comer. Y as\u00ed, ellos crecen en los centros \u201cDaaras\u201d  (con condiciones m\u00ednimas de supervivencia, con un suelo para dormir y un techo con goteras) sin el calor de una familia, o de alguien que les cuente un cuento o les consuele cuando se hacen una herida. Algunos pasan a\u00f1os o toda la vida sin volver a ver a sus familias.<\/p>\n<cite><strong>Sus ropas est\u00e1n desastradas, sucias y llenas de falta de autoestima y de cari\u00f1o.<\/strong><\/cite><\/blockquote>\n\n\n\n<p><\/p>\n\n\n\n<p>Nos &#8220;descruzamos&nbsp;de brazos&#8221;, y vamos a impartir una actividad de ocio&nbsp;y dar desayunos a los ni\u00f1os de uno de los centros (<em>Daaras<\/em>) que los acogen. Los&nbsp;<em>Daaras&nbsp;<\/em>son &#8220;Escuelas del Cor\u00e1n&#8221; por las que todo ni\u00f1o senegal\u00e9s pasa,&nbsp;ya que es la base de la educaci\u00f3n en ese pa\u00eds. <\/p>\n\n\n\n<p>El problema es que&nbsp;los menores que son enviados desde los lugares m\u00e1s rurales, permanecen all\u00ed a\u00f1os sin familia, por la falta de recursos para viajar.&nbsp;Con el \u00fanico cuidado de un adulto (llamado marab\u00fa de la escuela)&nbsp;que se encarga de todos ellos, con lo que, los cuidados a veces, son inexistentes, por la falta de tiempo y medios, y tambi\u00e9n dependen mucho&nbsp;de la persona que est\u00e9 al cargo de ellos en cada Daara, y de lo que su moral le lleve a dedicar a los ni\u00f1os. Al final tenemos mucho menores, muy peque\u00f1os, solitos desde que tienen unos 5 a\u00f1os hasta la edad adulta.<\/p>\n\n\n\n<p>Estos ni\u00f1os, llamados por la sociedad senegalesa &#8220;talib\u00e9s&#8221;&nbsp;suelen pasar unas horas de la ma\u00f1ana aprendiendo el Cor\u00e1n y el resto del d\u00eda mendigando comida y dinero. Lo poco que comen o que consiguen,&nbsp;depende de la suerte del d\u00eda. Al final del d\u00eda, lo juntan todo, y de ah\u00ed se alimentan, lo que lleva a que nunca comen fruta, o leche, y sufren desnutriciones y muchos otros problemas de salud.&nbsp;<\/p>\n\n\n\n<p class=\"has-base-3-background-color has-background\"><strong>Pero como todo ni\u00f1o, si se les da un motivo, saben sonre\u00edr,&nbsp;Queremos darles al menos ese referente que a todos nos ha resultado tan decisivo: monitores, cuidadores, personas adultas q al menos un ratito, se ocupen de su bienestar<\/strong>.&nbsp;as\u00ed que vamos a darle forma a todo esto con ayuda de nuestros colaboradores en Senegal, que generosamente nos han dicho que S\u00ed a ser nuestras manos en all\u00ed, para estos ni\u00f1os, y&nbsp;que podr\u00e1s conocer en la secci\u00f3n &#8220;Quienes somos&#8221;<\/p>\n","protected":false},"excerpt":{"rendered":"<p>NDEKY\u00a0significa\u00a0DESAYUNO\u00a0en idioma wolof de Senegal. Este proyecto se promueve para que cerca de 100 ni\u00f1os de entre 5 y 18 a\u00f1os tengan desayunos y una actividad de ocio en su &#8220;Daara&#8221; (centro de acogida y escuela del Cor\u00e1n), en un lugar en el que algo tan\u00a0b\u00e1sico\u00a0como desayunar, est\u00e1\u00a0al alcance de pocos. HOLA! NAn nga deff!! &#8230; <a title=\"El porqu\u00e9 de todo esto\" class=\"read-more\" href=\"https:\/\/ndeky.org\/index.php\/el-porque-de-todo-esto-proyecto-ndeky\/\" aria-label=\"Read more about El porqu\u00e9 de todo esto\">Read more<\/a><\/p>\n","protected":false},"author":2,"featured_media":0,"parent":0,"menu_order":0,"comment_status":"closed","ping_status":"closed","template":"","meta":{"footnotes":""},"class_list":["post-25","page","type-page","status-publish"],"yoast_head":"<!-- This site is optimized with the Yoast SEO plugin v27.0 - https:\/\/yoast.com\/product\/yoast-seo-wordpress\/ -->\n<title>El porqu\u00e9 de todo esto - Proyecto Ndeky<\/title>\n<meta name=\"robots\" content=\"index, follow, max-snippet:-1, max-image-preview:large, max-video-preview:-1\" \/>\n<link rel=\"canonical\" href=\"https:\/\/ndeky.org\/index.php\/el-porque-de-todo-esto-proyecto-ndeky\/\" \/>\n<meta property=\"og:locale\" content=\"en_US\" \/>\n<meta property=\"og:type\" content=\"article\" \/>\n<meta property=\"og:title\" content=\"El porqu\u00e9 de todo esto - Proyecto Ndeky\" \/>\n<meta property=\"og:description\" content=\"NDEKY\u00a0significa\u00a0DESAYUNO\u00a0en idioma wolof de Senegal. Este proyecto se promueve para que cerca de 100 ni\u00f1os de entre 5 y 18 a\u00f1os tengan desayunos y una actividad de ocio en su &#8220;Daara&#8221; (centro de acogida y escuela del Cor\u00e1n), en un lugar en el que algo tan\u00a0b\u00e1sico\u00a0como desayunar, est\u00e1\u00a0al alcance de pocos. HOLA! NAn nga deff!! ... Read more\" \/>\n<meta property=\"og:url\" content=\"https:\/\/ndeky.org\/index.php\/el-porque-de-todo-esto-proyecto-ndeky\/\" \/>\n<meta property=\"og:site_name\" content=\"Proyecto Ndeky\" \/>\n<meta property=\"article:publisher\" content=\"https:\/\/www.facebook.com\/profile.php?id=100093903516674\" \/>\n<meta property=\"article:modified_time\" content=\"2025-02-26T11:01:35+00:00\" \/>\n<meta name=\"twitter:card\" content=\"summary_large_image\" \/>\n<meta name=\"twitter:label1\" content=\"Est. reading time\" \/>\n\t<meta name=\"twitter:data1\" content=\"3 minutes\" \/>\n<script type=\"application\/ld+json\" class=\"yoast-schema-graph\">{\"@context\":\"https:\/\/schema.org\",\"@graph\":[{\"@type\":\"WebPage\",\"@id\":\"https:\/\/ndeky.org\/index.php\/el-porque-de-todo-esto-proyecto-ndeky\/\",\"url\":\"https:\/\/ndeky.org\/index.php\/el-porque-de-todo-esto-proyecto-ndeky\/\",\"name\":\"El porqu\u00e9 de todo esto - Proyecto Ndeky\",\"isPartOf\":{\"@id\":\"https:\/\/ndeky.org\/#website\"},\"datePublished\":\"2024-01-18T13:46:59+00:00\",\"dateModified\":\"2025-02-26T11:01:35+00:00\",\"breadcrumb\":{\"@id\":\"https:\/\/ndeky.org\/index.php\/el-porque-de-todo-esto-proyecto-ndeky\/#breadcrumb\"},\"inLanguage\":\"en-US\",\"potentialAction\":[{\"@type\":\"ReadAction\",\"target\":[\"https:\/\/ndeky.org\/index.php\/el-porque-de-todo-esto-proyecto-ndeky\/\"]}]},{\"@type\":\"BreadcrumbList\",\"@id\":\"https:\/\/ndeky.org\/index.php\/el-porque-de-todo-esto-proyecto-ndeky\/#breadcrumb\",\"itemListElement\":[{\"@type\":\"ListItem\",\"position\":1,\"name\":\"Home\",\"item\":\"https:\/\/ndeky.org\/\"},{\"@type\":\"ListItem\",\"position\":2,\"name\":\"El porqu\u00e9 de todo esto\"}]},{\"@type\":\"WebSite\",\"@id\":\"https:\/\/ndeky.org\/#website\",\"url\":\"https:\/\/ndeky.org\/\",\"name\":\"Proyecto Ndeky\",\"description\":\"Proyecto para infancia en Saint Louis, Senegal\",\"publisher\":{\"@id\":\"https:\/\/ndeky.org\/#organization\"},\"potentialAction\":[{\"@type\":\"SearchAction\",\"target\":{\"@type\":\"EntryPoint\",\"urlTemplate\":\"https:\/\/ndeky.org\/?s={search_term_string}\"},\"query-input\":{\"@type\":\"PropertyValueSpecification\",\"valueRequired\":true,\"valueName\":\"search_term_string\"}}],\"inLanguage\":\"en-US\"},{\"@type\":\"Organization\",\"@id\":\"https:\/\/ndeky.org\/#organization\",\"name\":\"Asociaci\u00f3n Ndeky \u00c1frica\",\"url\":\"https:\/\/ndeky.org\/\",\"logo\":{\"@type\":\"ImageObject\",\"inLanguage\":\"en-US\",\"@id\":\"https:\/\/ndeky.org\/#\/schema\/logo\/image\/\",\"url\":\"https:\/\/ndeky.org\/wp-content\/uploads\/2025\/06\/cropped-android-icon-48x48-1.png\",\"contentUrl\":\"https:\/\/ndeky.org\/wp-content\/uploads\/2025\/06\/cropped-android-icon-48x48-1.png\",\"width\":48,\"height\":48,\"caption\":\"Asociaci\u00f3n Ndeky \u00c1frica\"},\"image\":{\"@id\":\"https:\/\/ndeky.org\/#\/schema\/logo\/image\/\"},\"sameAs\":[\"https:\/\/www.facebook.com\/profile.php?id=100093903516674\",\"https:\/\/www.instagram.com\/proyectondeky\"]}]}<\/script>\n<!-- \/ Yoast SEO plugin. -->","yoast_head_json":{"title":"El porqu\u00e9 de todo esto - Proyecto Ndeky","robots":{"index":"index","follow":"follow","max-snippet":"max-snippet:-1","max-image-preview":"max-image-preview:large","max-video-preview":"max-video-preview:-1"},"canonical":"https:\/\/ndeky.org\/index.php\/el-porque-de-todo-esto-proyecto-ndeky\/","og_locale":"en_US","og_type":"article","og_title":"El porqu\u00e9 de todo esto - Proyecto Ndeky","og_description":"NDEKY\u00a0significa\u00a0DESAYUNO\u00a0en idioma wolof de Senegal. Este proyecto se promueve para que cerca de 100 ni\u00f1os de entre 5 y 18 a\u00f1os tengan desayunos y una actividad de ocio en su &#8220;Daara&#8221; (centro de acogida y escuela del Cor\u00e1n), en un lugar en el que algo tan\u00a0b\u00e1sico\u00a0como desayunar, est\u00e1\u00a0al alcance de pocos. HOLA! NAn nga deff!! ... Read more","og_url":"https:\/\/ndeky.org\/index.php\/el-porque-de-todo-esto-proyecto-ndeky\/","og_site_name":"Proyecto Ndeky","article_publisher":"https:\/\/www.facebook.com\/profile.php?id=100093903516674","article_modified_time":"2025-02-26T11:01:35+00:00","twitter_card":"summary_large_image","twitter_misc":{"Est. reading time":"3 minutes"},"schema":{"@context":"https:\/\/schema.org","@graph":[{"@type":"WebPage","@id":"https:\/\/ndeky.org\/index.php\/el-porque-de-todo-esto-proyecto-ndeky\/","url":"https:\/\/ndeky.org\/index.php\/el-porque-de-todo-esto-proyecto-ndeky\/","name":"El porqu\u00e9 de todo esto - Proyecto Ndeky","isPartOf":{"@id":"https:\/\/ndeky.org\/#website"},"datePublished":"2024-01-18T13:46:59+00:00","dateModified":"2025-02-26T11:01:35+00:00","breadcrumb":{"@id":"https:\/\/ndeky.org\/index.php\/el-porque-de-todo-esto-proyecto-ndeky\/#breadcrumb"},"inLanguage":"en-US","potentialAction":[{"@type":"ReadAction","target":["https:\/\/ndeky.org\/index.php\/el-porque-de-todo-esto-proyecto-ndeky\/"]}]},{"@type":"BreadcrumbList","@id":"https:\/\/ndeky.org\/index.php\/el-porque-de-todo-esto-proyecto-ndeky\/#breadcrumb","itemListElement":[{"@type":"ListItem","position":1,"name":"Home","item":"https:\/\/ndeky.org\/"},{"@type":"ListItem","position":2,"name":"El porqu\u00e9 de todo esto"}]},{"@type":"WebSite","@id":"https:\/\/ndeky.org\/#website","url":"https:\/\/ndeky.org\/","name":"Proyecto Ndeky","description":"Proyecto para infancia en Saint Louis, Senegal","publisher":{"@id":"https:\/\/ndeky.org\/#organization"},"potentialAction":[{"@type":"SearchAction","target":{"@type":"EntryPoint","urlTemplate":"https:\/\/ndeky.org\/?s={search_term_string}"},"query-input":{"@type":"PropertyValueSpecification","valueRequired":true,"valueName":"search_term_string"}}],"inLanguage":"en-US"},{"@type":"Organization","@id":"https:\/\/ndeky.org\/#organization","name":"Asociaci\u00f3n Ndeky \u00c1frica","url":"https:\/\/ndeky.org\/","logo":{"@type":"ImageObject","inLanguage":"en-US","@id":"https:\/\/ndeky.org\/#\/schema\/logo\/image\/","url":"https:\/\/ndeky.org\/wp-content\/uploads\/2025\/06\/cropped-android-icon-48x48-1.png","contentUrl":"https:\/\/ndeky.org\/wp-content\/uploads\/2025\/06\/cropped-android-icon-48x48-1.png","width":48,"height":48,"caption":"Asociaci\u00f3n Ndeky \u00c1frica"},"image":{"@id":"https:\/\/ndeky.org\/#\/schema\/logo\/image\/"},"sameAs":["https:\/\/www.facebook.com\/profile.php?id=100093903516674","https:\/\/www.instagram.com\/proyectondeky"]}]}},"_links":{"self":[{"href":"https:\/\/ndeky.org\/index.php\/wp-json\/wp\/v2\/pages\/25","targetHints":{"allow":["GET"]}}],"collection":[{"href":"https:\/\/ndeky.org\/index.php\/wp-json\/wp\/v2\/pages"}],"about":[{"href":"https:\/\/ndeky.org\/index.php\/wp-json\/wp\/v2\/types\/page"}],"author":[{"embeddable":true,"href":"https:\/\/ndeky.org\/index.php\/wp-json\/wp\/v2\/users\/2"}],"replies":[{"embeddable":true,"href":"https:\/\/ndeky.org\/index.php\/wp-json\/wp\/v2\/comments?post=25"}],"version-history":[{"count":4,"href":"https:\/\/ndeky.org\/index.php\/wp-json\/wp\/v2\/pages\/25\/revisions"}],"predecessor-version":[{"id":275,"href":"https:\/\/ndeky.org\/index.php\/wp-json\/wp\/v2\/pages\/25\/revisions\/275"}],"wp:attachment":[{"href":"https:\/\/ndeky.org\/index.php\/wp-json\/wp\/v2\/media?parent=25"}],"curies":[{"name":"wp","href":"https:\/\/api.w.org\/{rel}","templated":true}]}}

El porqué de todo esto

<p class="has-contrast-2-color has-luminous-vivid-amber-to-luminous-vivid-orange-gradient-background has-text-color has-background has-link-color wp-elements-f8ca4c8c55b4197a884fb3d39543ad74"><strong>NDEKY </strong>significa <strong>DESAYUNO </strong>en idioma wolof de Senegal. Este proyecto se promueve para que cerca de 100 niños de entre 5 y 18 años tengan desayunos y una actividad de ocio en su &#8220;Daara&#8221; (centro de acogida y escuela del Corán), en un lugar en el que algo tan básico como desayunar, está al alcance de pocos.</p>



<p class="has-global-color-8-color has-base-3-background-color has-text-color has-background has-link-color wp-elements-a9e27485e6d0a709c14721ebb4ce8d61"><strong>HOLA! NAn nga deff!</strong>!</p>



<blockquote class="wp-block-quote is-layout-flow wp-block-quote-is-layout-flow">
<p><strong>Tras un paseo </strong>de varios años <strong>por la ciudad de Saint Louis</strong>, en Senegal, observo niños muy pequeños que mendigan durante las tardes. Por toda la ciudad, con un “cubito en mano”… Me informé, preguntando a amigos locales, por qué llevan un cubito, donde viven… y entonces, aprendo quiénes son los talibés:<strong> </strong>niños muy pequeños enviados desde pequeños sitios rurales a pueblos o ciudades mas grances debido a la precaria situación de las familias. </p>



<p>No imagino separarme de un hijo por no poder darle de comer. Y así, ellos crecen en los centros “Daaras”  (con condiciones mínimas de supervivencia, con un suelo para dormir y un techo con goteras) sin el calor de una familia, o de alguien que les cuente un cuento o les consuele cuando se hacen una herida. Algunos pasan años o toda la vida sin volver a ver a sus familias.</p>
<cite><strong>Sus ropas están desastradas, sucias y llenas de falta de autoestima y de cariño.</strong></cite></blockquote>



<p></p>



<p>Nos &#8220;descruzamos&nbsp;de brazos&#8221;, y vamos a impartir una actividad de ocio&nbsp;y dar desayunos a los niños de uno de los centros (<em>Daaras</em>) que los acogen. Los&nbsp;<em>Daaras&nbsp;</em>son &#8220;Escuelas del Corán&#8221; por las que todo niño senegalés pasa,&nbsp;ya que es la base de la educación en ese país. </p>



<p>El problema es que&nbsp;los menores que son enviados desde los lugares más rurales, permanecen allí años sin familia, por la falta de recursos para viajar.&nbsp;Con el único cuidado de un adulto (llamado marabú de la escuela)&nbsp;que se encarga de todos ellos, con lo que, los cuidados a veces, son inexistentes, por la falta de tiempo y medios, y también dependen mucho&nbsp;de la persona que esté al cargo de ellos en cada Daara, y de lo que su moral le lleve a dedicar a los niños. Al final tenemos mucho menores, muy pequeños, solitos desde que tienen unos 5 años hasta la edad adulta.</p>



<p>Estos niños, llamados por la sociedad senegalesa &#8220;talibés&#8221;&nbsp;suelen pasar unas horas de la mañana aprendiendo el Corán y el resto del día mendigando comida y dinero. Lo poco que comen o que consiguen,&nbsp;depende de la suerte del día. Al final del día, lo juntan todo, y de ahí se alimentan, lo que lleva a que nunca comen fruta, o leche, y sufren desnutriciones y muchos otros problemas de salud.&nbsp;</p>



<p class="has-base-3-background-color has-background"><strong>Pero como todo niño, si se les da un motivo, saben sonreír,&nbsp;Queremos darles al menos ese referente que a todos nos ha resultado tan decisivo: monitores, cuidadores, personas adultas q al menos un ratito, se ocupen de su bienestar</strong>.&nbsp;así que vamos a darle forma a todo esto con ayuda de nuestros colaboradores en Senegal, que generosamente nos han dicho que Sí a ser nuestras manos en allí, para estos niños, y&nbsp;que podrás conocer en la sección &#8220;Quienes somos&#8221;</p>

<p>NDEKY significa DESAYUNO en idioma wolof de Senegal. Este proyecto se promueve para que cerca de 100 niños de entre 5 y 18 años tengan desayunos y una actividad de ocio en su &#8220;Daara&#8221; (centro de acogida y escuela del Corán), en un lugar en el que algo tan básico como desayunar, está al alcance de pocos. HOLA! NAn nga deff!! &#8230; <a title="El porqué de todo esto" class="read-more" href="https://ndeky.org/index.php/el-porque-de-todo-esto-proyecto-ndeky/" aria-label="Read more about El porqué de todo esto">Read more</a></p>

<!-- This site is optimized with the Yoast SEO plugin v27.0 - https://yoast.com/product/yoast-seo-wordpress/ -->
<title>El porqué de todo esto - Proyecto Ndeky</title>
<meta name="robots" content="index, follow, max-snippet:-1, max-image-preview:large, max-video-preview:-1" />
<link rel="canonical" href="https://ndeky.org/index.php/el-porque-de-todo-esto-proyecto-ndeky/" />
<meta property="og:locale" content="en_US" />
<meta property="og:type" content="article" />
<meta property="og:title" content="El porqué de todo esto - Proyecto Ndeky" />
<meta property="og:description" content="NDEKY significa DESAYUNO en idioma wolof de Senegal. Este proyecto se promueve para que cerca de 100 niños de entre 5 y 18 años tengan desayunos y una actividad de ocio en su &#8220;Daara&#8221; (centro de acogida y escuela del Corán), en un lugar en el que algo tan básico como desayunar, está al alcance de pocos. HOLA! NAn nga deff!! ... Read more" />
<meta property="og:url" content="https://ndeky.org/index.php/el-porque-de-todo-esto-proyecto-ndeky/" />
<meta property="og:site_name" content="Proyecto Ndeky" />
<meta property="article:publisher" content="https://www.facebook.com/profile.php?id=100093903516674" />
<meta property="article:modified_time" content="2025-02-26T11:01:35+00:00" />
<meta name="twitter:card" content="summary_large_image" />
<meta name="twitter:label1" content="Est. reading time" />
	<meta name="twitter:data1" content="3 minutes" />
<script type="application/ld+json" class="yoast-schema-graph">{"@context":"https://schema.org","@graph":[{"@type":"WebPage","@id":"https://ndeky.org/index.php/el-porque-de-todo-esto-proyecto-ndeky/","url":"https://ndeky.org/index.php/el-porque-de-todo-esto-proyecto-ndeky/","name":"El porqué de todo esto - Proyecto Ndeky","isPartOf":{"@id":"https://ndeky.org/#website"},"datePublished":"2024-01-18T13:46:59+00:00","dateModified":"2025-02-26T11:01:35+00:00","breadcrumb":{"@id":"https://ndeky.org/index.php/el-porque-de-todo-esto-proyecto-ndeky/#breadcrumb"},"inLanguage":"en-US","potentialAction":[{"@type":"ReadAction","target":["https://ndeky.org/index.php/el-porque-de-todo-esto-proyecto-ndeky/"]}]},{"@type":"BreadcrumbList","@id":"https://ndeky.org/index.php/el-porque-de-todo-esto-proyecto-ndeky/#breadcrumb","itemListElement":[{"@type":"ListItem","position":1,"name":"Home","item":"https://ndeky.org/"},{"@type":"ListItem","position":2,"name":"El porqué de todo esto"}]},{"@type":"WebSite","@id":"https://ndeky.org/#website","url":"https://ndeky.org/","name":"Proyecto Ndeky","description":"Proyecto para infancia en Saint Louis, Senegal","publisher":{"@id":"https://ndeky.org/#organization"},"potentialAction":[{"@type":"SearchAction","target":{"@type":"EntryPoint","urlTemplate":"https://ndeky.org/?s={search_term_string}"},"query-input":{"@type":"PropertyValueSpecification","valueRequired":true,"valueName":"search_term_string"}}],"inLanguage":"en-US"},{"@type":"Organization","@id":"https://ndeky.org/#organization","name":"Asociación Ndeky África","url":"https://ndeky.org/","logo":{"@type":"ImageObject","inLanguage":"en-US","@id":"https://ndeky.org/#/schema/logo/image/","url":"https://ndeky.org/wp-content/uploads/2025/06/cropped-android-icon-48x48-1.png","contentUrl":"https://ndeky.org/wp-content/uploads/2025/06/cropped-android-icon-48x48-1.png","width":48,"height":48,"caption":"Asociación Ndeky África"},"image":{"@id":"https://ndeky.org/#/schema/logo/image/"},"sameAs":["https://www.facebook.com/profile.php?id=100093903516674","https://www.instagram.com/proyectondeky"]}]}</script>
<!-- / Yoast SEO plugin. -->

El porqué de todo esto - Proyecto Ndeky

NDEKY significa DESAYUNO en idioma wolof de Senegal. Este proyecto se promueve para que cerca de 100 niños de entre 5 y 18 años tengan desayunos y una actividad de ocio en su &#8220;Daara&#8221; (centro de acogida y escuela del Corán), en un lugar en el que algo tan básico como desayunar, está al alcance de pocos. HOLA! NAn nga deff!! ... Read more

Asociación Ndeky África
